s 138898807 a prime number?
True
Is 31960044121 composite?
False
Is 542098819 a prime number?
False
Is 1076838923 composite?
True
Is 1834460713 a prime number?
False
Is 5728121281 a prime number?
False
Is 62199507967 a composite number?
False
Is 3005181845 a composite number?
True
Is 17934444839 composite?
False
Is 1080438493 a composite number?
False
Is 3438815857 prime?
False
Is 5232748513 prime?
True
Is 680797903 composite?
False
Is 1385063467 a prime number?
False
Is 1203548959 prime?
True
Is 5416917631 a composite number?
True
Is 3670424071 composite?
True
Is 2255609983 composite?
True
Is 515901817 a prime number?
True
Is 13930890671 a composite number?
False
Is 5734774153 prime?
False
Is 109474960073 a prime number?
True
Is 2082183439 a composite number?
True
Is 13669 a composite number?
False
Is 178482503 prime?
False
Is 53313547087 a composite number?
False
Is 35166648947 prime?
True
Is 6800729251 a composite number?
True
Is 1064639337 a prime number?
False
Is 27899551937 a composite number?
False
Is 2153203019 a composite number?
True
Is 1451216513 composite?
False
Is 10068067181 composite?
False
Is 1079157341 composite?
True
Is 5303060629 prime?
False
Is 208023227 a composite number?
False
Is 33929647 a prime number?
False
Is 7693947269 a prime number?
True
Is 2949741473 a prime number?
False
Is 492260663 composite?
False
Is 259514531 prime?
True
Is 22930553651 prime?
True
Is 6024059777 prime?
True
Is 313073062 a prime number?
False
Is 6700387 prime?
True
Is 253884747 a composite number?
True
Is 6970118633 composite?
False
Is 2455328119 composite?
True
Is 405874829 a prime number?
True
Is 90908181431 composite?
False
Is 19672671577 prime?
False
Is 5779846637 prime?
False
Is 1376821609 composite?
False
Is 62355215339 a prime number?
True
Is 786612527 prime?
False
Is 2324135239 composite?
True
Is 4216016611 a composite number?
False
Is 420659461 a prime number?
True
Is 311092519 composite?
True
Is 8625653033 a composite number?
True
Is 1964814211 a prime number?
True
Is 2632534649 a prime number?
False
Is 879146743 a composite number?
False
Is 144797207 composite?
True
Is 1054010039 composite?
False
Is 56335991381 a prime number?
True
Is 176245759 a composite number?
False
Is 1582305797 prime?
True
Is 32292489 a prime number?
False
Is 26185490437 composite?
False
Is 931608451 prime?
True
Is 38645795771 composite?
True
Is 1776216289 a composite number?
False
Is 4440034111 a prime number?
False
Is 36400066667 composite?
True
Is 94705489033 composite?
False
Is 3835957591 prime?
False
Is 163017689 prime?
True
Is 5934622999 composite?
False
Is 286816987 a prime number?
False
Is 3955205857 prime?
False
Is 4461786001 composite?
False
Is 2936325031 composite?
True
Is 1084004191 a composite number?
True
Is 178837369 a prime number?
False
Is 6269720693 a prime number?
True
Is 15066083 a prime number?
True
Is 6547630757 prime?
True
Is 42662503109 prime?
True
Is 700701734 composite?
True
Is 8200884533 a prime number?
True
Is 66237352898 a prime number?
False
Is 1143742837 prime?
True
Is 4656836981 prime?
True
Is 113831966399 a composite number?
False
Is 64801792127 a composite number?
True
Is 7087711063 composite?
False
Is 79539983 a composite number?
False
Is 1029058211 a composite number?
False
Is 26103913187 a prime number?
False
Is 21661208263 composite?
False
Is 143260787 composite?
False
Is 47325898357 a prime number?
False
Is 2670970271 a composite number?
False
Is 1013186479 a prime number?
False
Is 17065750411 a prime number?
True
Is 4006938473 a composite number?
False
Is 19178884055 a prime number?
False
Is 5850669329 a prime number?
True
Is 1201660177 composite?
False
Is 10024643243 a composite number?
True
Is 35051727637 a composite number?
False
Is 31766381531 prime?
True
Is 3306870439 a prime number?
True
Is 127635522017 a prime number?
True
Is 10896127481 prime?
True
Is 272719721 prime?
True
Is 10151477813 composite?
False
Is 980848663 a prime number?
False
Is 492358753 composite?
False
Is 1991725997 prime?
True
Is 64940144881 composite?
True
Is 70937703647 a composite number?
True
Is 707794261 a composite number?
False
Is 318289241 prime?
False
Is 234892709 composite?
False
Is 3656376481 composite?
True
Is 3499392287 a composite number?
False
Is 481010947 prime?
True
Is 6906070673 prime?
True
Is 79242497 prime?
True
Is 4632022117 a composite number?
False
Is 86694712717 prime?
False
Is 3876958861 a composite number?
False
Is 126167927 a prime number?
False
Is 4930729667 composite?
False
Is 21782394301 a prime number?
True
Is 1186137901 prime?
False
Is 104809297 prime?
True
Is 4917779303 a prime number?
True
Is 5407308295 a composite number?
True
Is 38785061971 a composite number?
False
Is 800857117 a prime number?
False
Is 913019659 composite?
True
Is 1301114701 prime?
False
Is 11612779793 a prime number?
False
Is 3018914449 prime?
False
Is 700651597 a prime number?
True
Is 1201481609 a composite number?
False
Is 7005621509 a prime number?
False
Is 9659296571 composite?
False
Is 4886755921 prime?
True
Is 17127487457 a prime number?
True
Is 4996057331 a prime number?
False
Is 1993481227 prime?
False
Is 5894339613 a composite number?
True
Is 25082329 a composite number?
False
Is 67016713853 a prime number?
True
Is 89629230671 a prime number?
True
Is 156899654 a prime number?
False
Is 1717144271 composite?
True
Is 190731317779 a composite number?
False
Is 56406247 prime?
False
Is 9075608449 composite?
True
Is 550082419 a prime number?
False
Is 387253567 prime?
True
Is 183290762 prime?
False
Is 21626828369 a prime number?
True
Is 105345673 composite?
True
Is 8509689271 a prime number?
True
Is 273959167247 a composite number?
False
Is 84328805297 prime?
False
Is 10426535293 a prime number?
False
Is 88662201239 composite?
False
Is 122417159929 composite?
False
Is 1618051073 composite?
False
Is 13492189409 composite?
True
Is 1521730471 prime?
False
Is 12995429477 composite?
False
Is 3959918363 prime?
True
Is 6386266091 prime?
True
Is 20873999 prime?
True
Is 135375934187 a prime number?
False
Is 4278963785 composite?
True
Is 10654756457 composite?
True
Is 2757704809 composite?
False
Is 128303 composite?
True
Is 22259774333 composite?
False
Is 700351007 a composite number?
False
Is 155483789 a prime number?
True
Is 1219212182 composite?
True
Is 215865187 a prime number?
False
Is 122078562911 a composite number?
False
Is 2632724711 a prime number?
False
Is 90619631 composite?
True
Is 11612845243 a prime number?
True
Is 2288457439 prime?
True
Is 15159107143 composite?
False
Is 106488453034 composite?
True
Is 1505799707 a composite number?
False
Is 5948154517 a prime number?
True
Is 7739475329 a prime number?
False
Is 99257664491 a composite number?
False
Is 8258399759 prime?
False
Is 221544307 composite?
False
Is 2265148943 composite?
False
Is 232232453 a composite number?
True
Is 836898697 composite?
False
Is 42804007529 a prime number?
True
Is 165786766333 composite?
True
Is 3109172537 a composite number?
True
Is 63026207837 a composite number?
False
Is 6235675213 a prime number?
True
Is 864590963 a composite number?
True
Is 1264063349 a prime number?
True
Is 479879711 a composite number?
True
Is 71196733 a composite number?
False
Is 777771233 a composite number?
True
Is 1242405487 a composite number?
False
Is 28207187233 a composite number?
False
Is 1485869239 a prime number?
True
Is 170414917 a composite number?
True
Is 1324578271 prime?
True
Is 9562609 prime?
False
Is 8161872779 a composite number?
False
Is 9335085493 prime?
True
Is 26333691697 a prime number?
False
Is 5158095559 prime?
False
Is 6893713833 a prime number?
False
Is 21835184969 a composite number?
True
Is 4037437883 a prime number?
True
Is 944058473 prime?
True
Is 11266657711 a prime number?
False
Is 9033328081 prime?
False
Is 30239101799 prime?
False
Is 50906264743 a composite number?
False
Is 1206937801 a composite number?
False
Is 1962255293 composite?
True
Is 5965189337 composite?
False
Is 34689059663 a prime number?
True
Is 6217461137 a prime number?
False
Is 6623446747 prime?
True
Is 3391200227 a composite number?
False
Is 1917602941 composite?
True
Is 712332221 a composite number?
True
Is 34638978461 prime?
False
Is 2025987569 a prime number?
False
Is 67715548